e -12 = 5*l - 9*l. Let i(g) = -g**3 + 2*g**2 + 11*g - 20. Let v be i(l). Give r(v).
4
Let r(b) = 43*b - 9. Let g(u) = -441*u - 5295. Let v be g(-12). Calculate r(v).
-138
Let z(f) = -13*f**3 - 1939*f**2 + 12*f**3 - 1916*f**2 - 49 - 16*f + 3873*f**2. Give z(17).
-32
Let g(h) = 494*h + 2473. Let m be g(-5). Let x(b) = -3*b**2 + 4*b + 6. Determine x(m).
-9
Let u(q) = -q**3 - q**2 + q + 10. Suppose 37766*t = 37792*t. What is u(t)?
10
Let b(g) = 172*g**2 + g - 170*g**2 - 12 - 6*g. Give b(4).
0
Let s(c) = -5*c**2 - 5*c - 20. Let r(u) = -u - 2. Let f(y) = 4*y**2 - 2*y + 1. Let p(q) = -2*f(q) + 10*r(q). Let h(w) = -2*p(w) + 3*s(w). Determine h(7).
12
Let x(k) = 97*k**3 + 15*k**2 - 9 + 12*k + 99*k**3 - 267*k**3 + 69*k**3. Calculate x(8).
23
Let m be (-5 + -7 - -14)*(-127)/(-2). Let d(y) = m*y**2 + 133*y**2 - 7*y - 11 - 261*y**2. Determine d(-10).
-41
Let w(u) = -7*u - 1. Suppose -33*d + 42*d - 27 = 0. Let x be (d/15)/(((-30)/5)/30). What is w(x)?
6
Suppose -4*p + 25 = -n, -8*n + 5*p - 27 = -11*n. Let t(b) = -17*b. Let z(m) = 16*m. Let g(o) = -5*t(o) - 4*z(o). Calculate g(n).
-21
Let m(r) = r**2 - 370 - 3*r**2 + 380 + 7*r. Let o be m(-4). Let f be 40/o - (-32)/(-10). Let x(n) = 2*n - 1. Determine x(f).
-9
Let q(v) = -v**3 + 15*v**2 + 52*v + 38. Let j be q(-2). Let p(x) be the first derivative of -35 + 1/2*x**j - x. What is p(5)?
4
Suppose 26 = 7*v + 12. Suppose v*i - 40 = -4*d, 0 = -3*i - 0*d + d + 39. Suppose -3*c = -i*c + 66. Let a(p) = -p**2 + 6*p - 5. Calculate a(c).
-5
Suppose -3*c + 2*c = 6. Let i(w) be the second derivative of w**5/20 + 2*w**4/3 + 5*w**3/3 + 7*w**2/2 - 86*w + 16. Determine i(c).
19
Let o(k) = -198*k + 23. Let m(i) = -277*i + 34. Let a(h) = 5*m(h) - 7*o(h). Let c(s) = -s**3 + 6*s**2 - 1. Let y be c(6). Let d = 1 + y. What is a(d)?
9
Let d(g) = -g**3 - 3*g**2 - 5*g - 20. Let j(p) = 4*p**3 + 13*p**2 + 22*p + 86. Let w(v) = -9*d(v) - 2*j(v). Determine w(-2).
2
Let h(t) = 2*t**2 + 12*t + 14. Let x(v) = v**2 + v - 1. Let y(f) = h(f) - 3*x(f). Determine y(9).
17
Let k(t) = -153*t + 111. Let v(d) = -78*d + 53. Let z(s) = -3*k(s) + 5*v(s). Determine z(1).
1
Let z be 8/3 - (-16)/(-24). Let t be (3 - 18/2)/(-2). Let j(w) = w - 3*w - 4*w**3 + t - w + 3*w**3. Determine j(z).
-11
Let g = -74 + 72. Let k be -2*g/4*1. Let z(m) = -4*m + m**2 - m - 3 + k. Calculate z(6).
4
Let c(h) = -7*h**2 + 2*h + 10. Let r(p) = 8*p**2 - 3*p - 11. Let o(b) = 7*c(b) + 6*r(b). Let f be 2*4*(-165)/(-22). Suppose 6*u - f = 16*u. Give o(u).
-8
Let d(j) = 43*j**2 - 92*j**2 + 48*j**2 + 1. Let b be 1/(-2)*(-4 - 8). Suppose 5 = g - b*g. Calculate d(g).
0
Let u(o) = -10*o**2 + 351*o - 28. Let l(v) = 210*v + 3395. Let s be l(-16). Determine u(s).
7
Let h(m) = -2*m**2 + 11*m. Let n be h(5). Let p(b) = 46 + b + 7 - 55. Give p(n).
3
Let a(t) = 7*t + 21. Let m(i) = 6*i - 2. Let l(z) = -a(z) + m(z). Give l(-16).
-7
Let r(o) be the second derivative of 7*o**3/2 - 23*o**2 - 1860*o. Determine r(2).
-4
Let m be 118/4 - (-7)/14. Let s = -21 + m. Let r(a) = -s*a + 12*a - 9*a. Calculate r(-1).
6
Let v(t) = -24*t + 210. Let w(u) = -203*u + 1785. Let g(p) = 42*v(p) - 5*w(p). What is g(15)?
0
Let l = -14 - -24. Let s be l + (-1 - 1 - (25 + -23)). Let o(f) be the second derivative of f**5/20 - f**4/3 - 4*f**3/3 - 2*f**2 - f. What is o(s)?
20
Let u(y) = 22*y**2 - y**2 - 9*y**2. Suppose 3*s - 2*v + 3 = 0, -5*s + 4*v - 7 = -0. What is u(s)?
12
Let g(y) = -y + 187. Let t(v) = 4*v - 419. Let q(p) = -4*g(p) - 2*t(p). Give q(30).
-30
Let j(p) = 2*p**2 + 45*p + 144. Let k be j(-19). Suppose 0 = k*w + 13*w. Let s(o) = -o + 13. Calculate s(w).
13
Let l(z) = -z**3 + 4*z**2 - 7*z + 2. Let y be (3 - 32/10)*15*(-6)/3. What is l(y)?
-112
Suppose 29 = -2*c - 17. Let i = 26 + c. Let p(u) = -u + 1 - 9*u + 0*u + 2*u**2 - i*u**2. Calculate p(-7).
22
Let o(c) = 7*c**2 + 13*c + 10. Suppose 0 = -12*s + 4*s - 32. Let f(h) = 3*h**2 + 6*h + 5. Let z(b) = s*o(b) + 9*f(b). Calculate z(3).
2
Let g(a) = -a**3 - a**2 - a - 1. Let z be (-1)/1 + 12 - 14. Calculate g(z).
20
Let k = -1417 - -1418. Let d(a) = 4*a**3 + a**2 + 1. Give d(k).
6
Let o(v) = v**2 - 24*v - 63. Let t be (618/(-824))/((-3)/104). Give o(t).
-11
Let d be 0/((-2)/(-2)*-1). Let v(m) = 2*m + 430. Let h(c) = 11*c + 2317. Let k(s) = -5*h(s) + 27*v(s). Calculate k(d).
25
Suppose 318 = 13*l - 15*l. Let c = -165 - l. Let y(r) = r**3 + 6*r**2 + 2*r + 5. Give y(c).
-7
Let o(a) be the second derivative of -26*a + 11/12*a**4 - a**2 + 1/20*a**5 - 1 - 2*a**3. What is o(-12)?
-2
Let m(d) = -d**3 - 16*d**2 - 15*d - 4. Let y be (3*-10)/((-6)/7*(-203)/87). Give m(y).
-4
Let l(i) = -329*i - 87 - 394*i + 719*i. What is l(-20)?
-7
Let m be (7 - 1710/247) + 92/(-13). Let y(p) = p**2 + 15*p - 7. Calculate y(m).
-63
Let s(i) = -2*i**2 + i + 3. Let p(d) = -3*d**2 - 22*d + 7. Let z(w) = -p(w) - 2*s(w). Let a(n) = 4*n**2 + 11*n - 6. Let q(m) = -5*a(m) + 3*z(m). What is q(-8)?
15
Let y(a) = 266*a**3 - 205*a**3 - 3 - a - 62*a**3 + 3*a**2. Calculate y(0).
-3
Let g(u) be the third derivative of u**6/120 + 11*u**5/60 - 2*u**4/3 - 19*u**3/2 - 26*u**2 - 71*u. Calculate g(-12).
-9
Let n(m) be the second derivative of -m**4/12 + 4*m**3/3 - 5*m**2 + 4*m. Let f be 7*((-45)/9 + 6 + 0). What is n(f)?
-3
Let w(s) = -s - 1. Suppose -4*f = -z + 3, -1 = -27*z + 28*z. Let j(u) = u. Let b(c) = f*j(c) + 5*w(c). Determine b(-4).
19
Suppose -30*d = -42052 + 42112. Let s(n) = 14*n + 15. Determine s(d).
-13
Let f(a) = -a**3 - 3*a**2 + 14*a + 13. Suppose 664*w - 165 = 697*w. Calculate f(w).
-7
Suppose -3*y + 11 = -4*r - 7, 2*y + 3*r + 5 = 0. Suppose 2*w = 8*w - 36. Let j(h) = -y*h + h + 10 - w - 10. Calculate j(-3).
-3
Let p(w) = 5*w**2 + 10*w - 37. Let s(j) = 17*j**2 + 31*j - 136. Let h(q) = 7*p(q) - 2*s(q). What is h(-9)?
22
Let u(v) be the third derivative of 9*v**4/8 + 39*v**3/2 + 128*v**2. Let h be u(-4). Let c(b) = -b**2 + 11*b - 2. Calculate c(h).
16
Let q(k) = 40*k + 1. Let x(w) = 47*w + 328. Let o(n) = -q(n) + x(n). What is o(-46)?
5
Let b(m) = -6*m + 2. Let g(z) = -7*z + 2. Let f(j) = 6*b(j) - 5*g(j). Suppose 12*o - 1083 - 1257 = 0. Let y = o - 187. Give f(y).
-6
Let p(a) = 5*a**2 + 9*a - 32. Let q = 22874 + -22870. Determine p(q).
84
Suppose -5*d = -4*c - 172, 4*d + 16*c - 119 = 13*c. Let h(a) = a**3 - 30*a**2 - 69*a + 160. Determine h(d).
0
Let r(q) be the third derivative of -q**6/24 + q**5/5 - q**4/24 - 2*q**3 - 69*q**2. Let k(z) = 4*z**3 - 10*z**2 + z + 10. Let b(y) = 6*k(y) + 5*r(y). Give b(0).
0
Let j(y) = 3*y**3 + y + 15. Let t be j(-4). Let g = 188 + t. Let s(q) be the third derivative of q**4/24 - q**3/2 - 2*q**2. Determine s(g).
4
Let h(r) = -2*r**3 - 4105*r + 2*r**2 - 3 + 2057*r + r**2 + 2050*r. Give h(3).
-24
Let o(h) = -2*h - 15. Suppose -26*f - 177 - 5 = 0. Let w be (-14 - -3)/(f/(-7)). What is o(w)?
7
Let s = 461 + -443. Let v(m) be the first derivative of m**4/4 - 19*m**3/3 + 9*m**2 + m + 57. What is v(s)?
1
Let l(s) = -10*s**2 - 6*s - 13. Let x(i) = -5*i**2 - 4*i - 7. Let c(j) = 4*l(j) - 7*x(j). Determine c(2).
-15
Let l = 5766 + -5760. Let o(k) = k**3 - 4*k**2 - 15*k + 9. Calculate o(l).
-9
Let s(g) = -g**3 + 11*g**2 - 10*g - 9. Suppose -7*k = 1262 - 198. Let i = -142 - k. Calculate s(i).
-9
Let s(z) be the second derivative of -1/2*z**2 + z + 0 + 1/6*z**3. Let j = 51 - 50. Give s(j).
0
Let j(f) = f**2 + 40*f + 73. Suppose -826 = -6*q - 1054. Let m be j(q). Let k(h) = -8*h + 3. Calculate k(m).
27
Let o(q) = 4*q + 10. Let d be (85/(-10) + 6)/(21/126). Determine o(d).
-50
Let k(h) = h**3 - 11*h**2 + 8*h + 1. Let s be 3/3*-9 + 4 - -27. Suppose -3*n = -4*v - s, -n = n - 4*v - 12. What is k(n)?
-19
Let i be ((-51)/(-34))/(3/4). Let g be 1*((i - (-3 + -14)) + 4). Let k(l) = -l + 25. Let d be k(g). Let r(u) = -4*u - 2. Give r(d).
-10
Let a(y) = 6*y + 38. Suppose 3*i + 20 = -i - s, -2*s + 20 = -2*i. Let t be a(i). Let f(x) = -t*x + 2*x**3 + 13*x - 2 - 3*x - 6*x + 4*x**2. What is f(-2)?
-6
Let x = -117 - -121. Let k(p) = 6 + 2 - 5 + 2*p - x. Calculate k(-2).
-5
Let o(w) = -w**2 - 1. Suppose 3*f = 4*g - 12, -g + 0*g + 5*f = -3. Suppose 16*l = g*l - 65. What is o(l)?
-26
Let q = 6476 - 6470. Let o(j) = 3*j**2 - 6*j - 12. Calculate o(q).
60
Let r(l) = l + 28. Let k be 2/(-12) - 101354/132. Let u = k - -755. What is r(u)?
15
Suppose 0 = 3*t + 4*v + 49, 5*t - 70*v = -73*v - 78. Let o